2 - x + 9. Let c be 8 - ((-6)/1)/(-2). Suppose 5*p = a - 3 - 2, -c*a - 4*p + 25 = 0. Suppose 2 + a = w. What is k(w)?
2
Suppose 2*c - 4*s - 16 = 0, -s + 18 = 5*c - 0*c. Let z(q) = -q**3 + 6*q**2 - 6*q + 4. Give z(c).
12
Let z(w) = -7*w**2 - 7*w + 21. Let t(s) = 8*s**2 + 5*s - 21. Let j(p) = -6*t(p) - 7*z(p). Give j(-20).
-1
Suppose 5*r + 4 = -11, -r = q + 31. Let f = q + 27. Let g(c) = 6*c + 1. Determine g(f).
-5
Let i be (10/(-8))/((-170)/272). Let k(u) = -u**3 + 1. Determine k(i).
-7
Let x = -2 - -2. Let j(v) = x*v + 0*v - 6*v + 1 + 3*v**2 - 2*v**2. Let d be (-4 - -8) + (-2)/(-2). Determine j(d).
-4
Let d(i) be the third derivative of -i**7/840 - i**6/45 + 3*i**5/40 - 5*i**4/12 + 7*i**3/2 - 36*i**2. Let t(k) be the first derivative of d(k). What is t(-9)?
-10
Let n(d) = -13*d**3 - 4*d**2 + 5*d - 13. Let u(q) = -15*q**3 - 5*q**2 + 6*q - 15. Let k(r) = -7*n(r) + 6*u(r). What is k(3)?
13
Let x(d) = d**2 - 7*d + 6. Let w be x(7). Let s(r) = -45*r**3 - 3. Let b(y) = 15*y**3 + 1. Let t(o) = w*s(o) + 17*b(o). What is t(1)?
-16
Let z(l) = 5*l**3 - 18*l**2 + 15*l + 27. Let j(t) = -2*t**3 + 2*t**2 + 1. Let k(a) = -3*j(a) - z(a). Give k(-13).
-4
Let s(u) = 10 - 8 + u + 8. What is s(0)?
10
Let j(y) = -14*y**3 + 9*y**2 + 11*y - 15. Let n(c) = 23*c**3 - 18*c**2 - 20*c + 29. Let t(h) = -5*j(h) - 3*n(h). Calculate t(-8).
12
Let z(y) = 24*y - 74*y + 2 + 27*y + 26*y - 2*y**2. What is z(3)?
-7
Let k = 40 - 29. Let n be (k/22)/(1/(-4)). Let o(x) = -x**3 - x**2 - x - 1. Let u be o(n). Let y(q) = -q - 5. Calculate y(u).
-10
Let y(p) = -20*p**2 - p**3 + 2 + 3*p**2 + 12*p**2 - 12*p - 9*p**2. Determine y(-13).
-11
Let y(t) be the second derivative of t**4/12 - 2*t**3/3 - 3*t**2 + 12*t. What is y(5)?
-1
Let q(g) = 70*g - 150*g + 6 + 77*g. Calculate q(6).
-12
Let i(d) be the second derivative of -d**3/6 - d**2 - d. Let q = 18 - -17. Let f = q - 30. Give i(f).
-7
Let h(w) be the second derivative of w**3/6 - w**2/2 + 5*w. Let g = 33 + -28. Determine h(g).
4
Let p(m) be the first derivative of -m**4/4 - 4*m**3/3 - 3*m + 2448. Let u = -18 + 26. Suppose 0*y - 2*y = u. Calculate p(y).
-3
Let s(r) = r**3 - 21*r**2 + r - 28. Let n be s(21). Let w(l) = -4*l - 13. Determine w(n).
15
Let t(o) = o. Let a(q) = -q**2 + 8*q + 3. Let j(n) = a(n) - 3*t(n). Suppose -4*x - 12 = -x. Let y = 9 + x. Determine j(y).
3
Let o(s) be the third derivative of 7*s**6/720 - s**5/40 - s**4/3 - 18*s**2. Let p(v) be the second derivative of o(v). Determine p(2).
11
Let v be (2/(-2))/((-2)/(-14)). Let a(k) = -k**3 - 214 - 5*k - 160 + 381 - 8*k**2. What is a(v)?
-7
Suppose -8 = 4*r - 48. Suppose 3*o - r = -3*q - 4, -5*o - 22 = -3*q. Let p(a) = -4*a - 7. Let m(v) = 7*v + 13. Let k(h) = -3*m(h) - 5*p(h). Determine k(q).
-8
Let s(h) = -3*h + 17. Let y be ((-9)/(-15))/(1/(-5)). Let o(k) = 2*k - 9. Let w(x) = y*s(x) - 5*o(x). Suppose -2*f - 3*f = 0. Calculate w(f).
-6
Let k(c) = c**2 - 2*c + 10 + 18 - 30. What is k(-2)?
6
Let j(l) = -l**3 + 7*l**2 + 9*l - 9. Let g = -64 + 68. Let v = 12 - g. Give j(v).
-1
Suppose 22*f + 41 = -69. Let c(o) = -o**2 - 7*o - 12. Calculate c(f).
-2
Let q be 7*1 - (-11 + 18) - -7. Let j(y) = 5*y - 24. Determine j(q).
11
Let w(p) be the first derivative of -p**3/3 + 9*p**2/2 - 3*p - 322. Let a = 17 - 8. Give w(a).
-3
Let l(q) be the first derivative of -3*q**2 + 12*q - 7 - 5 - 11*q + 2*q**2. Give l(-1).
3
Let g(i) = -i - 1. Let n = 9 + -6. Suppose 5 = 2*y - 4*y - h, h + 8 = -n*y. Give g(y).
2
Suppose 57*s = 69*s + 12. Let q(m) be the third derivative of -11*m**4/24 + 2*m**2. What is q(s)?
11
Let t(o) = -1003*o - 1000*o + 2006*o. What is t(-12)?
-36
Suppose -3*m - 1 + 13 = 0. Let v be (15/20)/((-1)/m). Let a(w) be the first derivative of -w**3/3 - 5*w**2/2 - 4*w + 99. Calculate a(v).
2
Suppose -58*b + 2*l + 4 = -62*b, 0 = 3*b - l - 2. Let x(w) be the first derivative of -w**2/2 - 2*w + 1. What is x(b)?
-2
Let r be 6/(5/2 + -1). Let d(w) = 91*w + 1. Let y(o) = -1047*o - 10. Let j(u) = 23*d(u) + 2*y(u). Give j(r).
-1
Let x(p) = -4 - 4 + 8*p**2 + 6*p + 4*p - p**3. Suppose 659 = 9*l + 38. Suppose 0 = -17*f + l + 84. Calculate x(f).
1
Let a(u) = u**2 + 9*u + 7. Let w be ((-7)/(-6))/(79/(-474)). What is a(w)?
-7
Let v(g) = -6*g + g + 4 - 4. Let q be 5 - 9 - (2 + -2 - 3). What is v(q)?
5
Let p = 216 + -209. Let b(d) = -2*d - 6. Give b(p).
-20
Let p(l) = -l - 1. Let x be p(-2). Suppose 4 = -a + 7. Let v(o) = o - 12*o**3 - 19*o**a - o**2 + 26*o**3. What is v(x)?
-5
Suppose 6 = 2*l - 3*j, -j - 10 = 7*l - 9*l. Let x(r) be the first derivative of -7/3*r**3 + l*r - 1/4*r**4 + 6 + 1/2*r**2. Determine x(-7).
-1
Let v(n) = -13 + 22*n**2 - n - 3*n**3 - 1 + 0*n - 4. Let k(x) = -x**3 + 7*x**2 - 6. Let f(a) = 7*k(a) - 2*v(a). Let r(c) = c - 1. Let h be r(6). Determine f(h).
4
Let w(b) = -2*b**3 + 2*b**2 + 4*b + 2. Suppose -u + 23 = -2*d + 24, 0 = -5*d + 2*u. Give w(d).
18
Suppose 0 = 4*v - 3*d + 4*d + 7, -10 = -2*v + 4*d. Let a(m) = -6*m**2 + 3*m + 1. Give a(v).
-8
Let l(y) = 2*y**2 + 6*y + 3. Let m = 545 - 550. Determine l(m).
23
Let y(q) be the third derivative of -q**2 + 0 + 1/60*q**5 - 3*q**3 + 0*q - 1/24*q**4. Calculate y(0).
-18
Let u(k) = 14 - 16*k + 17*k - 17. What is u(4)?
1
Let n(s) = -40*s - 162. Let d(l) = -12*l - 53. Let x(r) = 7*d(r) - 2*n(r). Give x(-14).
9
Let k(f) = -f**3 - 3*f**2 + 7*f + 6. Let u(c) = -4*c + 20. Let n(s) = 11*s - 60. Let j(z) = 3*n(z) + 8*u(z). Let o be j(16). Give k(o).
-6
Suppose 2*o + g + 29 = -2*o, 2*g = -4*o - 34. Let p(k) be the third derivative of -k**5/60 - 7*k**4/24 + 7*k**2. Determine p(o).
6
Let p(i) be the third derivative of i**6/120 + 11*i**5/60 + 11*i**4/24 + 2*i**3 + 2*i**2. Let s = 4882 + -4892. Calculate p(s).
2
Let x(s) be the third derivative of -s**4/24 + 8*s**3/3 - 4*s**2 - 4. Give x(12).
4
Let p(l) be the third derivative of l**6/120 - 11*l**5/60 + 11*l**4/24 - 5*l**3/3 + 1079*l**2. Let i(t) = -3*t + 1. Let r be i(-3). Determine p(r).
0
Let n(t) = 9*t**2 + 11*t + 15. Let v(f) = -29*f**2 - 34*f - 47. Let h(r) = -13*n(r) - 4*v(r). Let s(c) = -2*c**2 + 3*c + 4. Let i be s(3). What is h(i)?
3
Let j(f) = -f - 2. Let u(v) = -33*v + 16. Let z be u(2). Let t = -53 - z. Determine j(t).
1
Let y(u) = 3*u - 4. Let a(d) = d - 1. Let v(c) = 5*a(c) - y(c). Suppose 2*m - 5*p + 16 = 0, -12*m + 11*m + 2*p = 7. Calculate v(m).
-7
Let x(d) = d**2 + 3*d. Let u(a) = a. Let g(y) = -6*u(y) + 2*x(y). Let s = 16 - 17. Determine g(s).
2
Let s(r) = -3*r + 45. Let a be s(15). Let u(v) = -v - 1. Let z(l) = 5*l + 7. Let m(k) = 4*u(k) + z(k). Determine m(a).
3
Let z(k) be the first derivative of -k**4/4 - 3*k**3 - 5*k**2/2 - 90. Determine z(-8).
-24
Let t(p) = p**3 + 6*p**2 - p + 1. Let z(a) = a**2 + 4*a + 2. Let f be z(-4). Let w be (-6)/f + -18 + 15. Determine t(w).
7
Let l(k) = 26*k**2 + 5*k + 1 - 63*k**2 + 38*k**2. Determine l(-5).
1
Let c(z) be the first derivative of 5*z**2/2 + 16*z - 171. What is c(-3)?
1
Let m(q) = q - 15. Let v be m(6). Let p = 11 + v. Let y(k) = 7*k + 6*k**2 - 8*k + k**p. Calculate y(1).
6
Let s = -220 - -221. Let u(r) = 3*r**3 - r + 1. Give u(s).
3
Suppose 5*d + 27 = 2*d. Let g = d - -11. Let t(x) = -1 + 1 - 2*x + g. Calculate t(5).
-8
Let o(l) be the third derivative of l**4/24 + 5*l**3/6 + 2*l**2 - 9. Determine o(5).
10
Let f(o) = -37*o**2 + 2*o + 1. Let q(u) = 2*u**2 - 44*u + 143. Let j be q(18). What is f(j)?
-38
Let y(z) = -22*z + 12. Let l(m) = 8*m - 4. Let k(x) = 8*l(x) + 3*y(x). Let u(f) = -2*f + 3. Let h(j) = 4*k(j) - 5*u(j). Give h(-2).
-3
Let v be 164/(-20) + 2 + (-4)/(-20). Let i(j) = -j**3 - 7*j**2 - 4*j + 8. Give i(v).
-4
Let p(r) = -6*r**3 - 2*r**2 + 2*r - 1. Let u be -89 + ((-4)/26 - 14/(-91)). Let j = u - -90. Give p(j).
-7
Let x(p) be the first derivative of 2*p**3 - 5*p**2/2 + 3*p + 255. Give x(3).
42
Let x(h) = 73*h + 2 - 84*h + 2 + h**2. What is x(10)?
-6
Let v = 8 + -6. Let c = 0 - v. Let o(a) be the first derivative of a**2 + 3*a + 1. Give o(c).
-1
Let u(m) be the third derivative of 0 + 1/20*m**5 + 0*m - 1/120*m**6 + 1/6*m**4 + 1/2*m**3 - 37*m**2. Determine u(-2).
15
Let g(b) = -b - 1. Let t be g(-2). Let h(f) = 1. Let s(j) = 2*j**2 - 5. Let w be (-28)/36 - 6/27. Let k(y) = w*s(y) - 6*h(y). Give k(t).
-3
Let w(n) = -2*n - 4. Let v(l) be the second derivative of -2*l**3/3 - 4*l**2 - 8*l. Let x(a) = 6*v(a) - 11*w(a). Dete